(d) = -17*d**3 + d**2. Let y be f(u). Let c be (-2)/6 - (-82)/3. What is the highest common divisor of y and c?
9
Let l(w) = w**3 - 6*w**2 + 4*w + 1. Let o be l(5). Let v be 3/(-2) - 246/o. Let c = -21 + v. Calculate the greatest common divisor of 26 and c.
13
Let x = -19 - -10. Let f be x/(0 + (-2)/2). What is the greatest common divisor of f and 72?
9
Let l be (-199)/(-3) - (-1)/(-3). What is the greatest common factor of l and 6?
6
Let c = -13 - -22. Let u = 0 + 2. Suppose 0 = -u*j + 2, 3*o - 15 = -2*j + 14. Calculate the greatest common divisor of o and c.
9
Let d(y) = 3*y**2 + 7*y - 3. Let n be d(-4). Calculate the greatest common factor of 119 and n.
17
Let c = 4 + 3. Calculate the greatest common factor of c and 63.
7
Suppose -3*q = -8*q + 10. Let m be (0 + 45)*(1 + q). What is the highest common divisor of m and 15?
15
Let z be 3 + -1*(-2 + 1). Suppose 0*q - c = 2*q, q - 9 = z*c. Suppose 5*m - 21 = 2*m. Calculate the highest common divisor of m and q.
1
Let u(s) = -s - 11. Suppose -3*y - 2*y - 49 = 4*b, -3*y + 4*b = 55. Let h be u(y). Calculate the highest common divisor of 4 and h.
2
Suppose -5*p + 23 + 12 = 0. What is the greatest common factor of p and 28?
7
Suppose -z - 19 = -2*t + 1, 4*t - 28 = 5*z. What is the greatest common divisor of 24 and t?
12
Let n be (-10)/4*(-16 - -2). Let m(w) = -w**2 + 3*w + 7. Suppose 5*c - 9 = 6. Let z be m(c). What is the greatest common factor of n and z?
7
Let q(d) = -7*d - 1. Let p be q(-1). Let b = 8 - p. Suppose -b = 3*g - 17. Calculate the greatest common divisor of 45 and g.
5
Suppose -8*m + 3*m = -115. Let r = 33 - m. Calculate the highest common divisor of 2 and r.
2
Let v be (2/(-4))/((-3)/78). Suppose -5*r = 4*q + 50 + 106, 156 = -4*q - 4*r. Let s be (q/2)/(3/(-16)). What is the highest common factor of s and v?
13
Let p(s) = 27*s + 3. Let v be p(6). Calculate the greatest common divisor of 15 and v.
15
Suppose 2*f + 0 + 10 = 0. Let x be f*(2 - 212/10). Calculate the greatest common divisor of 12 and x.
12
Let n(d) = -35*d**3 + 2*d**2 - 1. Let z be n(-1). What is the highest common divisor of 12 and z?
12
Suppose -5*b = -8*b - 4*d + 357, -2*b - 3*d + 238 = 0. Calculate the greatest common factor of b and 17.
17
Let h be (-14)/(-1 - (-9)/15). Calculate the highest common factor of h and 7.
7
Let l = 19 - 12. Suppose -3 = -4*w - 15. Let x be (w + 0)*(-70)/6. Calculate the highest common divisor of x and l.
7
Suppose 3*r - y - 2*y = 3, 0 = -2*r - y + 11. Suppose -f - r*f + 440 = 0. Calculate the highest common divisor of 11 and f.
11
Let o be (-5)/((-15)/(-9)) - -27. Let q be 1 + 1 - 4/1. Let w be ((-4)/(-5))/(q/(-15)). What is the highest common divisor of o and w?
6
Let q = -25 - -39. Suppose 2*k - 462 = -k. Calculate the highest common divisor of q and k.
14
Let i(z) = 0*z**2 + 0*z**3 + 4*z**2 - z**3 + 4*z + 0 + 3. Let t be i(5). Let g be (-1)/(-2)*22 + t. What is the greatest common divisor of g and 18?
9
Let o(v) = -3*v + 9. Let g = 4 + -4. Let l be g + -1*9 - 0. Let x be o(l). Calculate the greatest common divisor of 54 and x.
18
Let x = 0 + 9. Let g = x - -2. What is the greatest common divisor of 11 and g?
11
Suppose 5*x - 59 = -4*f, 3*f + 3*x - 27 = f. Suppose 0*k - 32 = -4*k. Let n = -1 + k. What is the highest common divisor of n and f?
7
Suppose 4*l - l - 72 = 0. Suppose 3*g = 4*g. Let m = 12 - g. Calculate the highest common divisor of m and l.
12
Let g be 210/18 - (-4)/(-6). Let d = g - 3. What is the highest common factor of 24 and d?
8
Let z be (-2 - -11) + (1 - 5). Calculate the highest common divisor of 40 and z.
5
Let n = -29 - -69. Calculate the highest common factor of 5 and n.
5
Suppose 83 - 23 = 5*v. Calculate the highest common divisor of 30 and v.
6
Let z(t) = 5 - 5 - t**2 + 1 + 6*t**3 - 32*t**3. Let s be z(-1). Calculate the highest common factor of 78 and s.
26
Let n = -4 + 14. Calculate the highest common factor of n and 2.
2
Let l(p) = 2 + p - 1 - 8*p + 0. Let d be l(-1). Let h be ((-27)/(-6))/(4/d). Calculate the greatest common factor of 72 and h.
9
Suppose -3*u + 4*k + 164 = 0, 68 = -0*u + u + 2*k. What is the highest common factor of 20 and u?
20
Let g be 1 - 6/(-9)*6. Calculate the greatest common factor of 5 and g.
5
Suppose 28 = -8*p + 10*p. What is the highest common factor of p and 98?
14
Let v(x) = 34*x**2 - x. Let a be v(1). Let m = -85 - -349. Suppose m = 3*n - a. What is the greatest common divisor of n and 9?
9
Suppose -6*u + 3*u = -9. Let a(h) = 9*h**2 - 8*h - 1. Let k be a(u). Calculate the highest common factor of 14 and k.
14
Let u be 34 + (-10)/15*3. Calculate the highest common divisor of 352 and u.
32
Suppose 17*a - 2 = 15*a. What is the highest common factor of a and 7?
1
Let t(d) = d**3 + 12*d**2 + 7*d - 5. Let f be t(-11). What is the greatest common divisor of f and 26?
13
Let o be (-5)/((-5)/8) - (0 - -1). What is the highest common factor of o and 70?
7
Let u(g) = g**3 - 5*g**2 + 7*g - 6. Let t be u(4). Suppose t*l - l - 560 = 0. What is the highest common divisor of 16 and l?
16
Let c = -361 + 537. Let l(w) = w**2 - w - 4. Let y be l(-3). Let d be 130/y - (-3)/(-12). What is the highest common divisor of c and d?
16
Let q be ((-19)/(-3) - 1)*-3. Let c(k) = -k**3 - 5*k**2 - k - 3. Let g be c(-4). Let z be q/6*g/2. Calculate the greatest common factor of z and 40.
20
Let i be 106/9 + 2/9. Let f = -9 + i. Calculate the greatest common divisor of 3 and f.
3
Let i(y) = 2*y - 6. Let w be i(3). Suppose w = m + 3*u - 44, -2*m = 7*u - 2*u - 85. Calculate the greatest common factor of m and 14.
7
Suppose 0 = -3*c - c + 112. Let i(u) = -u**3 - 6*u**2 - 4*u + 9. Let r be i(-5). What is the highest common divisor of r and c?
4
Suppose 3*f - 4*z = 152, -5*z + 33 = f - 5. What is the highest common factor of f and 64?
16
Let w be 43 + (1 - (-1)/1). Let r = 49 - 19. What is the highest common factor of w and r?
15
Suppose -5*i - 181 + 541 = 0. Let c be 2*1/(-6) - 112/(-12). Calculate the highest common factor of i and c.
9
Let o(k) = k**3 + 7*k**2 + 6*k - 3. Let d be o(-6). Let i be (3*6)/d*-1. What is the highest common divisor of 18 and i?
6
Suppose 0 = 3*r + 4*q + 5, r - q - 11 = 5*r. Let i = r - -25. Let a(h) = h - 2. Let n be a(4). What is the highest common divisor of n and i?
2
Let f(k) = -k**2 + 5*k + 10. Let s be f(8). Let i be (20/3)/(s/(-21)). What is the greatest common divisor of 5 and i?
5
Let b(o) = -o + 9. Let v be b(7). Let t = -2 - v. Let u(n) = -14*n - 6. Let w be u(t). Calculate the highest common factor of w and 10.
10
Let v be (-6)/10 - 1060/25. Suppose -185 = 5*x + 125. Let l = v - x. Calculate the highest common divisor of 38 and l.
19
Let d = 2 + 3. Let m be 2*(3 - d/(-2)). What is the greatest common divisor of m and 88?
11
Suppose 2*a - 32 = -2*a. What is the greatest common divisor of a and 64?
8
Let m be (1 - -17)/(5 + -3). Suppose -13*r + 72 = -m*r. What is the greatest common divisor of 9 and r?
9
Let z = 35 - 14. What is the highest common divisor of 14 and z?
7
Let t be -7*((-2)/(-11) + 2168/(-308)). Calculate the greatest common divisor of 480 and t.
48
Let h = 13 + -13. Suppose h = 5*x - 193 - 437. Calculate the highest common divisor of 14 and x.
14
Suppose 0 = 2*c - 5*c + 3. Let k be 36/8*c*2. Calculate the greatest common factor of 3 and k.
3
Let l = -163 + 251. Let n be 15/4 + 1/4. Suppose 13 + 19 = n*i. Calculate the highest common factor of i and l.
8
Let n(s) = 5*s - 8. Let l be n(7). Suppose 0 = -4*h - 0*h + 12. Calculate the highest common factor of l and h.
3
Let q(f) = -24*f - 24. Let w(s) = -s**3 + 4*s**2 - 2*s + 1. Let i be w(4). Let k be q(i). What is the highest common factor of k and 18?
18
Suppose -6*z + 241 = -281. Calculate the highest common factor of 58 and z.
29
Suppose w - 31 = 5*t, -w + t = -t - 25. Calculate the highest common divisor of w and 84.
21
Let u be (6/3)/(2/17). Calculate the greatest common divisor of 17 and u.
17
Suppose 0 = -6*d + 2*d - 24. Let w be (d/(-10) + -1)*-10. What is the greatest common divisor of 8 and w?
4
Suppose 4*q + 23 = -21. Let y = -5 - q. Calculate the greatest common divisor of 3 and y.
3
Let h(i) = -i**3 + 4*i**2 + 5*i + 2. Let z be h(5). Suppose 2*r - z = 4. Let k = r - 2. What is the greatest common factor of 11 and k?
1
Let x = 1153 + -796. Let r = 1